2*z. Let h = b - -143. What is the highest common factor of h and m?
46
Let a = 1330 + -490. Let w be a/(-16) + 3/(-2). Let k be w*(112/(-12))/7. Calculate the greatest common factor of k and 8.
8
Let s = -548 + 648. Suppose -o = -5*z + s, -16*o = -12*o - 20. Calculate the greatest common factor of z and 15.
3
Let o(h) = 550*h + 2199. Let u be o(-3). Calculate the highest common factor of 99 and u.
9
Suppose 0 = 5*h - 6*h + 12. Suppose 195 = h*r - 7*r. Suppose 0 = 5*k - 11 - 9, -5*u = k - 199. What is the highest common divisor of r and u?
39
Suppose 532*l = 141*l + 3640992. What is the highest common factor of 96 and l?
96
Let m = 10578 + -10130. Calculate the greatest common divisor of 128 and m.
64
Suppose -3*p + 8*j - 9*j = -23, -11 = -p - j. Let s(c) = -c + 7. Let g be s(p). What is the highest common factor of 13 and g?
1
Let z be (-945)/(-210)*(-286)/(-3). Calculate the highest common factor of 715 and z.
143
Let f be (-2 - 572/39 - -9)/((-1)/243). What is the greatest common factor of 27 and f?
27
Suppose 0 = d + 3*b - 2*b - 4, 2*d - 4*b - 20 = 0. Let w be d + 105/(-18) + (-191)/(-6). What is the highest common divisor of w and 40?
8
Suppose -6*r = -17*r + 3828. Suppose -2*g + r = -a, 31*a - 20 = 26*a. Suppose 0 = -n + 2, -5*n + 32 = -m + 2*m. What is the greatest common factor of g and m?
22
Let l = -98 - -140. Let x be (15 - 18)*(-26)/6. Suppose x*k = 16*k - l. Calculate the highest common divisor of k and 154.
14
Suppose 0*z + i + 207 = 4*z, 3*z - i - 156 = 0. Let q = -64 + 23. Let y = z + q. Calculate the greatest common divisor of 2 and y.
2
Let w = 12 - -128. Suppose w = -4*z + 4. Let b be (0 + z/(-2))*(-1 - -2). Calculate the highest common divisor of b and 119.
17
Suppose 3*j - 4881 = -8*j + 355. What is the highest common divisor of 748 and j?
68
Let w = -53 + 83. Let i be (33 - (-387)/(-21)) + (-2)/(-3) + 104/(-84). What is the highest common factor of w and i?
2
Let i be ((-6)/(-9) + (-4)/(-6))/((-44)/(-1452)). Calculate the greatest common factor of i and 2563.
11
Let r be ((1 - 0) + 5)/(36/9108). What is the greatest common factor of r and 46?
46
Suppose 0 = -116437*n + 116453*n - 57168. Calculate the greatest common factor of n and 72.
9
Let p = -3242 - -3887. Calculate the greatest common factor of p and 774.
129
Let o = 3596 - 3540. Calculate the highest common factor of o and 504.
56
Let u be (-14)/28 + 8439/6. Suppose 26*k - u = 5354. Calculate the greatest common divisor of k and 26.
26
Let v(b) = 42*b**2 + 717*b + 68. Let o be v(-17). What is the greatest common factor of o and 3927?
17
Let n(j) = -6*j - 47. Let v be n(0). Let c = v + 98. What is the highest common factor of 85 and c?
17
Let y(o) be the first derivative of o**4/4 + 14*o**3/3 + 6*o**2 + o + 56. Let t be y(-13). What is the highest common divisor of t and 63?
7
Suppose 5*p + 166 = s, 0 = -5*s + 10*s - 2*p - 876. Calculate the highest common factor of s and 1892.
44
Suppose 0 = -3*y - 0*y + 129. Suppose 32*r - 60 = 17*r. Suppose r*i + 113 + y = 3*w, 255 = 5*w - 5*i. Calculate the greatest common divisor of 18 and w.
6
Suppose 0 = -72*d + 18*d - 3780. Let a be 0/(-1) - (-80)/1. Let v = a + d. Calculate the greatest common divisor of 90 and v.
10
Let p(w) = 110*w - 746. Let i be p(63). What is the greatest common factor of i and 8?
8
Let a(w) = -w**3 - 63*w**2 - 98*w + 75. Let f be a(-62). What is the greatest common factor of 3 and f?
3
Suppose -12*u - 365*u + 37700 = 0. Suppose 0 = -y - q + 90 - 13, -2*y = -5*q - 140. What is the highest common divisor of y and u?
25
Suppose -h = 2*i - 22, 2*i + 5*h + 63 = 69. Calculate the greatest common divisor of 2470 and i.
13
Suppose 141 = 63*x - 1119. What is the highest common divisor of 395 and x?
5
Suppose -3*w - 36 = 5*c - 115, w = 4*c + 49. What is the greatest common factor of 176 and w?
11
Let q be ((-32)/10 - -3)*(7 + -17). Suppose 11 = -h - 5*g, 6*h - 2*h - 10 = -q*g. Calculate the highest common divisor of 3 and h.
1
Suppose 9*k = 17*k - 16. Let b be ((-10)/6 - -1)*(-108)/k. What is the highest common divisor of 12 and b?
12
Suppose -18 = -3*i - 2*z, -686*z + 15 = 3*i - 685*z. Let l = 78 + -54. Calculate the highest common divisor of i and l.
4
Suppose 3*g - r - 1439 = 0, r + 2*r + 957 = 2*g. Suppose 8*c - 37*c + 580 = 0. Calculate the highest common divisor of c and g.
20
Suppose 0*a + 5*a = -4*h - 4, -5*h + 4 = 4*a. Let s be (-7 - a)/3 + 1. Suppose s = -i + 2*i - 69. Calculate the greatest common factor of 23 and i.
23
Let z = -392 - -432. Suppose 5*h + 4*p - 1912 = 0, 29*h = 26*h + 3*p + 1131. Calculate the greatest common divisor of h and z.
20
Suppose 1555 = 39*g - 2072. Let w be 6/39 + 16920/39. What is the highest common factor of g and w?
31
Let v(u) = 6*u**3 + 4*u**2 + 5*u. Let j be v(6). Suppose -263332*w - 32689 = -263644*w - 2113. What is the highest common divisor of j and w?
98
Let s(d) = 50*d**3 + 24*d**2 + 4*d - 10. Let c be s(8). Suppose c = 21*o + 4982. What is the highest common divisor of o and 22?
22
Let q be (-4)/6*-12 - (-77 - 118). Calculate the greatest common factor of 13601 and q.
203
Let s = -432 + 437. Let o(z) be the third derivative of z**5/60 + z**4/12 + 5*z**3/6 - 5*z**2. Let v be o(-7). What is the highest common factor of s and v?
5
Let l(m) = 0*m + 0*m - 8*m - 16. Let i = 1712 + -1725. Let v be l(i). What is the highest common divisor of v and 8?
8
Let h be ((-68)/7)/(183/21 - 9). What is the highest common factor of 2227 and h?
17
Let d(b) = b**2 + 46*b - 1979. Let p be d(34). Suppose 106 + 11 = 3*v. Calculate the greatest common divisor of p and v.
39
Let j be 147384/234 + 6/39. Suppose 32*y = j + 1290. What is the greatest common factor of 1080 and y?
60
Let o = 14 - -4. Suppose i - 928*k = -929*k + 14, -3*k + 10 = -5*i. What is the highest common factor of i and o?
2
Let o be -207*182/(-936) - 10/8. Let l be 6*(-2)/(-4) + 0. Calculate the highest common divisor of o and l.
3
Suppose 0 = -38*t + 2879 + 2821. What is the highest common divisor of t and 800?
50
Suppose 0 = 5*q - 4*q + 54. Suppose -429 = -5*b + 6*g - 2*g, 3*b - 252 = -3*g. Let c = b + q. Calculate the highest common divisor of 31 and c.
31
Let g = 4 - 8. Let v be 9 + (-18)/(24/g). What is the highest common divisor of 8 and v?
4
Suppose 0 = -98*f + 97*f + 3. Let r(a) = a**3 - 4*a**2 + 11*a - 3. Let u be r(f). Suppose 12 = 8*x - 4*x. What is the greatest common divisor of x and u?
3
Let s be (24/(-21) + (-22)/77)*42/(-15). Let z be 1/((-1)/1) + 5. Suppose 0 = p, -z*t + 2*t + 3*p + 12 = 0. Calculate the highest common factor of t and s.
2
Let u(c) = -91*c + 5832. Let r be u(64). Let h be (-12)/(-20) - 377/(-5). Calculate the highest common divisor of r and h.
4
Let l = 188 + -179. Suppose -45 = -2*q + 5*h + 52, 3*q = -5*h + 83. Calculate the highest common factor of l and q.
9
Suppose 2*d - 10 = 2*a - 44, 3*a + 5*d = 11. Let x = -354 - -384. Let z be (620/x + 6)*(-18)/(-5). What is the greatest common divisor of z and a?
12
Let o(x) = 289*x**3 - x**2. Let n be o(1). Suppose -9*b - 742 = 113. Let p = -63 - b. Calculate the highest common divisor of p and n.
32
Suppose -509*w + 44183 = -31721 + 13806. What is the greatest common factor of w and 6161?
61
Let x(u) be the third derivative of 0*u**4 + 1/15*u**5 + 2*u**3 + 0*u - 2*u**2 + 0. Let r be x(-3). What is the highest common factor of 120 and r?
24
Let i = 9643 - 9489. Calculate the highest common factor of i and 224.
14
Let o(m) = m**3 - 3*m**2 - 40*m + 6. Let i be o(10). What is the highest common factor of i and 72?
18
Let k(a) = 313*a**2 - 30*a - 35. Let v be k(-1). Calculate the highest common factor of 99 and v.
11
Let t be ((-81)/12 - -2)*(2 - -2). Let g(a) = a + 29. Let f be g(t). Suppose f = 2*q - 14. What is the highest common divisor of q and 8?
4
Let s(r) = r**2 + 8*r - 47. Let i be s(-11). Let v be (i/6 + -2 + 3)*-9. Let n be (6/5)/(1/90). What is the greatest common divisor of v and n?
12
Let r(v) be the second derivative of 23*v**3/6 - 75*v**2/2 + 2*v - 4. Let g be r(5). What is the greatest common factor of 15 and g?
5
Let p = -2061 - -2074. Calculate the greatest common factor of 390 and p.
13
Suppose 3*b + 1199 = 2*r, r + 6*b - 5*b = 602. Suppose -4*x = -0*q + 2*q - 1178, 0 = 2*x - 3*q - r. Calculate the highest common factor of